+ 5*c + 7. Determine y(6).
1
Let a(s) = s**2 + 5*s - 7. Calculate a(-6).
-1
Let z(d) = 3*d**2 - 2*d - 4. Give z(-3).
29
Let s(w) = w**2 + w - 156. Determine s(-13).
0
Let l(s) = s**3 + 20*s**2 + 19*s + 8. Determine l(-19).
8
Let i(p) = -10*p**2 + 2*p + 2. What is i(2)?
-34
Let a(f) = f**3 - 5*f**2 - 16*f + 15. Give a(7).
1
Let t(q) = 2*q - 18. Give t(5).
-8
Let h(m) = -m**2 - 13*m + 16. Determine h(-13).
16
Let b(g) = g**3 + 7*g**2 + 2*g - 29. What is b(-6)?
-5
Let f(l) = -33*l + 94. Give f(3).
-5
Let h(t) = t**2 - 6*t - 251. Determine h(-13).
-4
Let n(w) = w**2 + 13*w - 11. Calculate n(-18).
79
Let u(l) = -9*l**2 - 2*l - 6. Give u(0).
-6
Let b(d) = -14*d - 287. Determine b(-20).
-7
Let g(m) = 26*m**3 - 1. Calculate g(-1).
-27
Let i(r) = r**3 - 5*r**2 + r - 1. Give i(0).
-1
Let m(c) = -c**3 + 22*c**2 - 24*c + 81. Calculate m(21).
18
Let r(a) = a**3 - 10*a**2 - 9*a - 1. Calculate r(11).
21
Let s(l) = -l**3 - 10*l**2 + 10*l - 6. What is s(-11)?
5
Let y(r) = -r**3 - 9*r**2 + 15*r + 1. Calculate y(-10).
-49
Let m(o) = o**3 + 12*o**2 - 3*o - 40. What is m(-12)?
-4
Let l(f) = 45*f + 238. What is l(-6)?
-32
Let t(q) = -q**2 - 3*q - 1. What is t(-5)?
-11
Let g(z) = -2*z**2 - 2*z + 13. Determine g(4).
-27
Let c(o) = -2*o**3 + o**2 - 2*o - 5. What is c(0)?
-5
Let a(q) = -6*q**2 + 54*q - 7. Give a(10).
-67
Let a(v) = v**3 + 12*v**2 - 12*v - 5. Calculate a(-13).
-18
Let m(h) = 2*h**2 - 2*h. Give m(0).
0
Let v(g) = -5*g**2 - 46*g - 3. What is v(-9)?
6
Let q(p) = 4*p**2 + 8*p - 3. Calculate q(-6).
93
Let d(c) = 7*c**2 + 10*c + 4. Determine d(0).
4
Let j(s) = s - 23. Calculate j(10).
-13
Let v(q) = -42*q. What is v(1)?
-42
Let z(k) = k**3 - 7*k**2 - 10*k - 18. Calculate z(8).
-34
Let x(j) = -7*j**2 - 6*j. What is x(-4)?
-88
Let x(w) = w**3 - 50*w**2 + 48*w + 1. What is x(1)?
0
Let w(j) = 3*j - 12. Determine w(7).
9
Let d(r) = r**2 - 2*r - 1. Calculate d(3).
2
Let w(a) = -3*a - 8. Give w(-1).
-5
Let f(c) = 3*c - 43. Calculate f(22).
23
Let u(y) = y**3 + 4*y**2 - 17*y - 40. Give u(-6).
-10
Let z(w) = w**2 + 6*w + 8. Determine z(-6).
8
Let i(z) = 25*z. Calculate i(0).
0
Let v(x) = 7*x - 33. Calculate v(5).
2
Let l(x) = 8*x - 12. Calculate l(0).
-12
Let y(z) = -2*z - 14. Give y(-12).
10
Let d(w) = w**3 - 79*w**2 - 243*w - 249. Give d(82).
-3
Let j(o) = 10*o + 46. What is j(-5)?
-4
Let h(y) = -y**3 - 2*y**2 + 21*y + 10. Give h(-5).
-20
Let i(d) = -d**3 - 14*d**2 - 12*d + 10. Give i(-13).
-3
Let y(d) = -3*d - 17. Give y(-4).
-5
Let w(h) = 4*h**3 + 2*h**2 - 2*h - 4. Give w(-1).
-4
Let i(y) = -6*y - 19. Calculate i(-10).
41
Let s(f) = 2*f - 4. Give s(-11).
-26
Let z(i) = 2*i**2 + 3*i. Give z(-2).
2
Let x(y) = -y**2 + 11*y - 1. Give x(10).
9
Let y(q) = -7*q + 152. Determine y(20).
12
Let o(z) = z**2 + 6*z - 8. Determine o(-6).
-8
Let n(t) = -t**2 + 2*t - 3. Calculate n(-3).
-18
Let h(c) = c**3 + c**2 - c + 1. What is h(0)?
1
Let k(r) = -11*r - 5. Give k(6).
-71
Let v(y) = -2*y**3 + 5*y**2 + 6*y - 11. Determine v(3).
-2
Let c(x) = -x**2 - 44*x - 62. Calculate c(-42).
22
Let z(p) = p**2 - 8*p - 1. Calculate z(8).
-1
Let u(x) = 2*x**3 - 80*x**2 - 3*x + 125. Calculate u(40).
5
Let l(h) = -9*h**2 + 15*h - 15. Calculate l(1).
-9
Let h(v) = -v**3 + 9*v**2 + 17*v - 7. Determine h(11).
-62
Let o(k) = -k**3 - 7*k**2 - 5*k - 1. Determine o(-6).
-7
Let j(o) = o**3 + o - 1. Determine j(-1).
-3
Let n(b) = b**3 + 2. What is n(-2)?
-6
Let h(p) = p**2 - 7*p + 6. Give h(7).
6
Let n(w) = -2*w + 1. Determine n(-3).
7
Let j(m) = m**3 + 3*m**2 - 4*m - 7. Calculate j(-3).
5
Let w(x) = x**3 + 4*x**2 - 14*x - 5. Give w(-6).
7
Let s(r) = r**3 + 6*r**2 + 2*r - 4. Determine s(-6).
-16
Let m(w) = w**2 + 5*w - 240. Give m(13).
-6
Let w(k) = 9*k - 7. What is w(12)?
101
Let n(b) = 5*b - 34. Calculate n(8).
6
Let f(z) = 5*z - 24. What is f(7)?
11
Let r(z) = z + 18. Give r(-9).
9
Let b(n) = n**3 - n + 17. What is b(0)?
17
Let a(w) = -10*w + 120. Determine a(17).
-50
Let g(f) = f**3 - 8*f**2 - 10*f - 7. Calculate g(9).
-16
Let w(i) = -i**2 - 4*i + 2. Give w(-4).
2
Let p(c) = -2*c - 1. Determine p(-4).
7
Let s(l) = 39*l**2 - l + 1. What is s(1)?
39
Let s(h) = -65*h - 25. Calculate s(-2).
105
Let f(p) = p**2 + 18*p + 58. What is f(-14)?
2
Let p(a) = a + 34. Give p(-21).
13
Let j(r) = -21*r + 4. Give j(2).
-38
Let z(p) = -p**3 - p**2 - 4*p + 2. Calculate z(0).
2
Let o(c) = 2*c + 4. Give o(2).
8
Let a(o) = 13*o - 16. What is a(3)?
23
Let j(l) = l**2 + 9*l + 13. Calculate j(-6).
-5
Let f(q) = q**3 + 11*q**2 + 11*q + 7. What is f(-10)?
-3
Let s(n) = n**2 - 16*n + 5. Calculate s(16).
5
Let z(w) = w**3 - 52*w**2 - 164*w - 52. Give z(55).
3
Let g(b) = b + 8. Give g(-4).
4
Let n(w) = 2*w**3 + w**2 - 2. Determine n(-2).
-14
Let v(f) = -69*f + 4. Give v(-1).
73
Let b(w) = 5*w + 17. What is b(0)?
17
Let d(b) = -b**3 - 14*b**2 + b - 7. Determine d(-14).
-21
Let d(h) = -h**3 + 5*h**2 - 6*h - 6. Determine d(5).
-36
Let m(t) = -t**2 + 2*t + 6. Give m(5).
-9
Let w(u) = 4*u + 26. Give w(23).
118
Let q(t) = -t**3 - 3*t**2 + 31*t - 9. Give q(-7).
-30
Let v(f) = f**3 + f**2 + 6. What is v(0)?
6
Let v(b) = 3*b + 64. What is v(21)?
127
Let r(p) = p**2 - 6*p - 22. What is r(9)?
5
Let q(l) = -l**2 + 7*l - 4. Calculate q(0).
-4
Let x(z) = -z**2 + 4*z + 12. What is x(6)?
0
Let u(t) = -29*t - 610. Calculate u(-21).
-1
Let p(m) = m**3 + m**2 + m - 3. Calculate p(1).
0
Let l(k) = 2*k**2 + 7*k - 2. Give l(-5).
13
Let t(v) = -v**2 - 60*v - 109. Determine t(-58).
7
Let j(k) = -2*k + 5. Give j(-4).
13
Let r(p) = -3*p**2 - 19*p + 8. What is r(-8)?
-32
Let y(b) = b**3 - 22*b**2 - 3*b + 26. Determine y(22).
-40
Let l(n) = n**3 + 6*n**2 - 3*n + 5. Give l(-6).
23
Let j(z) = -z**3 + 5*z**2 + 3*z - 6. What is j(5)?
9
Let w(m) = 6*m + 4. Calculate w(-1).
-2
Let u(d) = -2*d**2 + 12*d - 3. Determine u(6).
-3
Let u(z) = -4*z**3 + 8*z**2 + 5*z - 4. Determine u(4).
-112
Let t(h) = h**3 + 5*h**2 - 8. Calculate t(-3).
10
Let i(m) = 5*m - 3. Calculate i(2).
7
Let x(k) = -k**3 + 7*k**2 - 12*k + 37. What is x(6)?
1
Let x(j) = 5*j + 115. Calculate x(-26).
-15
Let w(d) = 41*d + 2. Give w(-1).
-39
Let c(s) = -s + 1. What is c(2)?
-1
Let j(x) = -17*x - 141. Determine j(-8).
-5
Let d(u) = -u**3 - 16*u**2 - 27*u + 18. Calculate d(-14).
4
Let c(r) = -3*r**2 + 117*r - 106. Give c(38).
8
Let q(z) = -z**3 + 3*z**2 + 2*z - 2. Give q(4).
-10
Let r(d) = -10*d - 547. Give r(-55).
3
Let n(s) = -s**3 - 17*s**2 - 42*s - 2. Give n(-14).
-2
Let h(m) = m**3 - 13*m**2 - 12*m - 3. Give h(14).
25
Let l(w) = 5*w**3 - w**2 + 3*w - 2. Calculate l(1).
5
Let i(n) = -n**3 - n**2 + 6*n + 13. Give i(-4).
37
Let b(a) = -a**2 - 18*a + 23. What is b(-17)?
40
Let a(p) = 2*p - 25. Determine a(9).
-7
Let l(o) = -o - 4. Give l(-5).
1
Let w(k) = 2*k + 2. Give w(8).
18
Let r(s) = -s**2 - 7*s - 10. Calculate r(-7).
-10
Let y(l) = 5*l**3 + 12*l**2 + 22*l + 39. What is y(-2)?
3
Let y(p) = p**2 + 6*p + 10. Determine y(-5).
5
Let m(v) = 4*v - 6. Give m(-17).
-74
Let n(c) = -c**3 - 9*c**2 - 7*c - 12. Determine n(-9).
51
Let r(l) = -l**2 + 29*l - 6. What is r(29)?
-6
Let x(b) = -30*b**2. What is x(1)?
-30
Let j(t) = t**3 + 4*t**2 - 2*t - 6. Determine j(-3).
9
Let g(t) = t - 14. Calculate g(6).
-8
Let b(h) = -h**3 - 8*h**2 - 10*h + 3. Give b(-6).
-9
Let n(j) = -12*j + 5. Calculate n(2).
-19
Let g(r) = r**2 + 2*r - 5. What is g(0)?
-5
Let k(s) = 5*s - 5. What is k(2)?
5
Let y(h) = h**3 + h**2 - 14*h + 7. What is y(3)?
1
Let y(q) = q**2 + 8*q - 4. What is y(-8)?
-4
Let i(a) = -8*a**2 + a + 2. Calculate i(2).
-28
Let a(y) = -2*y + 55. Determine a(-9).
73
Let b(c) = 51*c**3 - c**2 - c - 1. Calculate b(-1).
-52
Let r(i) = 3*i + 16. Give r(-4).
4
Let k(n) = 2*n**3 - 29*n**2 + 15*n - 5. Determine k(14).
9
Let g(u) = -u**2 + 8*u - 1. Calculate g(8).
-1
Let m(q) = -q**2 + 14*q - 29. Calculate m(12).
-5
Let c(o) = 3*o**2 - 12*o - 22. Determine c(5).
-7
Let t(m) = m**3 + m**2 + 3*m. Calculate t(0).
0
Let v(k) = -k**3 - 5*k**2 - 6*k - 11. Give v(-4).
-3
Let y(j) = 42*j + 509. What is y(-12)?
5
Let s(f) = f + 16. Give s(15).
31
Let x(q) = q**3 + 5*q**2 - 15*q - 1. Determine x(-7).
6
Let p(n) = 2*n**2 + 4*n - 5. What is p(-4)?
11
Let i(d) = 5*d**3 - d**2 - 4*d + 4. Calculate i(1).
4
Let h(r) = 3*r - 151. Calculate h(34).
-49
Let d(y) = 17*y + 4. Calculate d(-2).
-30
Let t(q) = -3*q - 4. Give t(4).
-16
Let n(y